 greatest common divisor of 53690388 and 2108?
124
Calculate the greatest common factor of 728 and 2062648.
56
What is the highest common factor of 2361322 and 2?
2
What is the highest common factor of 66 and 880290?
6
What is the greatest common divisor of 97 and 2458491481?
97
What is the greatest common divisor of 6550 and 2795000?
50
What is the greatest common factor of 18 and 498261393?
9
What is the greatest common factor of 150360 and 325422?
1074
What is the greatest common divisor of 75505604 and 444?
148
Calculate the greatest common factor of 697045 and 1045.
5
What is the greatest common factor of 57214287 and 26?
13
Calculate the greatest common factor of 527786 and 14154.
14
Calculate the greatest common factor of 56015392 and 251025.
3347
Calculate the highest common factor of 189354 and 173778.
66
Calculate the highest common divisor of 378 and 7199486.
14
Calculate the highest common divisor of 33154 and 1005169.
1507
What is the highest common factor of 8 and 8161200?
8
Calculate the highest common divisor of 5606634 and 8987.
209
What is the greatest common divisor of 56613 and 17535?
501
Calculate the greatest common divisor of 312 and 82655157.
39
What is the greatest common factor of 19959427 and 139?
139
Calculate the highest common divisor of 32606483 and 117.
13
Calculate the highest common divisor of 73775 and 22100.
325
What is the greatest common divisor of 577076 and 207904?
356
Calculate the greatest common divisor of 166066307 and 11.
11
What is the greatest common divisor of 777472135 and 3179?
3179
What is the highest common divisor of 15509112 and 936912?
3576
What is the greatest common factor of 161259 and 3991983?
3291
What is the greatest common factor of 39963 and 6559641?
5709
Calculate the highest common divisor of 77701 and 3503812.
559
Calculate the highest common divisor of 4312830 and 69900.
6990
What is the highest common divisor of 2343 and 1673298?
33
Calculate the highest common divisor of 223914 and 5240256.
3342
What is the highest common divisor of 37 and 79615379?
37
What is the highest common divisor of 40 and 149316360?
40
What is the highest common divisor of 49479 and 9?
3
What is the highest common divisor of 37047910 and 570?
190
What is the highest common factor of 538006 and 691390?
1162
What is the highest common factor of 21804 and 2015922?
474
What is the greatest common divisor of 31536011 and 1066?
533
What is the highest common factor of 153 and 19136441?
17
What is the greatest common divisor of 810612995 and 5?
5
Calculate the highest common divisor of 23272 and 2640.
8
Calculate the highest common factor of 658 and 2129899.
47
Calculate the highest common factor of 800063 and 7777.
11
Calculate the greatest common factor of 1386 and 343366254.
1386
Calculate the greatest common factor of 249466 and 10948651.
1211
Calculate the highest common divisor of 686 and 9815246.
14
Calculate the highest common factor of 2308894 and 14774.
166
Calculate the greatest common divisor of 634 and 99213075.
317
Calculate the greatest common divisor of 22 and 198465399.
11
What is the greatest common factor of 22151 and 184603?
17
Calculate the highest common factor of 105126 and 81858.
42
What is the greatest common divisor of 18 and 6377661?
9
What is the highest common divisor of 141 and 18578019?
141
Calculate the highest common divisor of 1782564 and 252.
84
Calculate the greatest common factor of 1087 and 588218093.
1087
Calculate the greatest common factor of 160 and 148441880.
40
Calculate the highest common divisor of 60 and 642997188.
12
Calculate the highest common factor of 75 and 352430655.
15
What is the greatest common divisor of 190572 and 3732?
12
Calculate the greatest common divisor of 3197168 and 2288.
208
Calculate the highest common divisor of 2689215 and 90.
15
What is the highest common divisor of 565777 and 952?
17
What is the greatest common factor of 5124487 and 1359?
151
What is the highest common factor of 3894 and 1217583?
177
Calculate the highest common factor of 5004180 and 19440.
1620
Calculate the greatest common divisor of 39112938 and 54.
18
What is the highest common factor of 4275 and 24759603?
171
What is the greatest common factor of 278962994 and 7022?
7022
What is the greatest common factor of 43 and 265166595?
43
Calculate the greatest common factor of 40 and 8319264.
8
Calculate the greatest common divisor of 46262006 and 7578.
842
Calculate the highest common divisor of 494387115 and 340.
85
Calculate the greatest common divisor of 20828 and 3545713.
127
Calculate the greatest common factor of 696 and 2818488.
24
Calculate the greatest common divisor of 504574295 and 2230.
1115
Calculate the greatest common divisor of 4594964 and 2618.
374
Calculate the greatest common factor of 17461 and 10811.
19
What is the greatest common divisor of 29604 and 8202?
6
Calculate the highest common divisor of 1139226 and 421.
421
Calculate the highest common divisor of 17601206 and 1638.
14
What is the highest common factor of 367092 and 14850?
594
What is the highest common factor of 332428 and 27716?
164
What is the highest common divisor of 16288516 and 8432?
2108
Calculate the highest common divisor of 122 and 34400462.
122
What is the greatest common divisor of 357 and 142017099?
357
Calculate the highest common divisor of 215100779 and 34.
17
What is the highest common factor of 75 and 114766875?
75
Calculate the highest common divisor of 82 and 144714502.
82
Calculate the highest common divisor of 907070 and 2083760.
610
Calculate the greatest common factor of 100004 and 40756.
92
What is the highest common factor of 210639 and 3432?
429
Calculate the highest common divisor of 2227036946 and 15298.
15298
Calculate the highest common divisor of 4528524 and 197548.
1508
Calculate the highest common factor of 90156991 and 1189.
41
What is the highest common divisor of 11231975 and 50?
25
What is the greatest common divisor of 544235 and 11?
1
Calculate the highest common divisor of 37742 and 9321822.
226
Calculate the greatest common divisor of 1285076 and 1066461.
1901
Calculate the greatest common divisor of 234705 and 2253.
3
What is the highest common divisor of 14680 and 45?
5
Calculate the greatest common divisor of 4543090 and 3515.
95
What is the highest common factor of 137785 and 408?
17
Calculate the greatest common divisor of 3886386 and 2646.
294
Calculate the greatest common factor of 1515324 and 21.
3
What is the greatest common factor of 300 and 379330575?
75
What is the highest common factor of 129 and 10277?
43
What is the greatest common factor of 4320 and 10436256?
864
What is the highest common factor of 122859 and 48983?
803
What is the greatest common factor of 1107358576 and 16?
16
What is the highest common divisor of 45252 and 1047081?
1257
Calculate the highest common factor of 21677824 and 7648.
32
Calculate the highest common divisor of 280 and 2014488.
56
What is the greatest common divisor of 1834 and 985733735?
917
Calculate the highest common divisor of 41 and 5912323.
41
What is the greatest common divisor of 18508031 and 69?
23
Calculate the greatest common divisor of 80 and 66728080.
80
What is the greatest common factor of 1501716 and 4692?
276
Calculate the highest common factor of 5219570 and 6014.
194
What is the highest common divisor of 1972 and 5408380?
68
What is the greatest common factor of 2040603 and 1047?
1047
Calculate the highest common divisor of 304 and 34124176.
16
Calculate the highest common factor of 4904106 and 6.
6
Calculate the greatest common divisor of 1 and 368189.
1
Calculate the greatest common divisor of 1381935 and 758028.
543
Calculate the greatest common divisor of 3 and 57699303.
3
What is the highest common factor of 38 and 416033766?
38
Calculate the greatest common divisor of 60610 and 94688.
22
What is the greatest common divisor of 358 and 34818722?
358
What is the highest common divisor of 1054209 and 3159?
39
What is the highest common divisor of 101729 and 58765?
23
What is the greatest common divisor of 436721377 and 254?
127
What is the greatest common divisor of 1183 and 20245693?
169
What is the highest common factor of 59884 and 3256?
44
What is the highest common factor 